prime number?
False
Is 71419 prime?
True
Is 172489 a prime number?
True
Is 260479 composite?
True
Is 68207 composite?
False
Is 48109 a composite number?
False
Is 11707 prime?
False
Is 7195 prime?
False
Is 40813 prime?
True
Is 761 a composite number?
False
Is 131203 a composite number?
False
Is 450553 a composite number?
True
Is 159533 composite?
True
Is 46321 composite?
True
Is 6947 prime?
True
Is 833135 a prime number?
False
Is 68791 a prime number?
True
Is 708583 composite?
False
Is 2098259 a composite number?
True
Is 6401 prime?
False
Is 780799 prime?
True
Is 19553 a prime number?
True
Is 631 a prime number?
True
Is 107507 a composite number?
False
Is 451387 a composite number?
False
Is 548591 a prime number?
True
Is 65179 prime?
True
Is 3793 a composite number?
False
Is 12631 prime?
False
Is 517 prime?
False
Is 76079 a prime number?
True
Is 38113 a composite number?
False
Is 187313 composite?
True
Is 57463 a prime number?
False
Is 36303 composite?
True
Is 10646 composite?
True
Is 6297 composite?
True
Is 435619 a composite number?
False
Is 48407 prime?
True
Is 160049 a composite number?
False
Is 27329 a prime number?
True
Is 23143 a composite number?
False
Is 215465 a composite number?
True
Is 100805 a composite number?
True
Is 12437 a composite number?
False
Is 87005 a composite number?
True
Is 26981 a composite number?
False
Is 193559 prime?
True
Is 3493 a composite number?
True
Is 11239 composite?
False
Is 226307 a composite number?
False
Is 21769 a composite number?
True
Is 16943 a prime number?
True
Is 2581 a prime number?
False
Is 8263 prime?
True
Is 1384382 composite?
True
Is 136841 a prime number?
True
Is 2669 a composite number?
True
Is 26769 prime?
False
Is 31121 prime?
True
Is 23543 a prime number?
False
Is 418585 a prime number?
False
Is 19553 composite?
False
Is 120215 a composite number?
True
Is 65281 prime?
False
Is 921 a prime number?
False
Is 47249 a prime number?
False
Is 1151 a prime number?
True
Is 30823 a prime number?
False
Is 2721 a composite number?
True
Is 710009 prime?
True
Is 853031 a composite number?
False
Is 647518 prime?
False
Is 6737 composite?
False
Is 18617 composite?
False
Is 617801 a composite number?
False
Is 1391849 composite?
False
Is 1943 prime?
False
Is 4079462 a composite number?
True
Is 10639 prime?
True
Is 1315 a composite number?
True
Is 215641 composite?
True
Is 12011 prime?
True
Is 7193 prime?
True
Is 606197 a prime number?
False
Is 74287 prime?
True
Is 8923 a composite number?
False
Is 386963 composite?
False
Is 50717 a prime number?
False
Is 23783 a composite number?
True
Is 12185 a prime number?
False
Is 1287779 a composite number?
True
Is 531073 a composite number?
True
Is 71011 a prime number?
True
Is 281845 a prime number?
False
Is 1941577 prime?
False
Is 901363 prime?
False
Is 4663 a prime number?
True
Is 7427 a composite number?
True
Is 162971 a composite number?
False
Is 18353 prime?
True
Is 41801 a prime number?
True
Is 120217 prime?
False
Is 279307 a composite number?
True
Is 706 composite?
True
Is 264685 prime?
False
Is 12235 prime?
False
Is 20707 composite?
False
Is 10007 a prime number?
True
Is 24281 a prime number?
True
Is 1632809 a prime number?
True
Is 2203 prime?
True
Is 10453 a composite number?
False
Is 38953 a prime number?
True
Is 359141 a composite number?
True
Is 24733 composite?
False
Is 70901 composite?
False
Is 2971 composite?
False
Is 10973 composite?
False
Is 21766 composite?
True
Is 281749 composite?
True
Is 16729 prime?
True
Is 3646 composite?
True
Is 31679 prime?
False
Is 996689 composite?
False
Is 1837831 prime?
True
Is 18199 prime?
True
Is 46231 prime?
False
Is 3508231 composite?
False
Is 73799 a prime number?
False
Is 467 a composite number?
False
Is 5839 prime?
True
Is 1574869 a composite number?
False
Is 8809 composite?
True
Is 8849 a composite number?
False
Is 6457 a composite number?
True
Is 17817 a prime number?
False
Is 725371 a composite number?
False
Is 643369 a composite number?
False
Is 5111 a prime number?
False
Is 316661 composite?
False
Is 12563 a composite number?
True
Is 97082 prime?
False
Is 76309 prime?
False
Is 406927 composite?
True
Is 1003 a composite number?
True
Is 234361 a prime number?
True
Is 83321 prime?
False
Is 1173743 composite?
False
Is 20849 composite?
False
Is 228467 a prime number?
False
Is 7483 a composite number?
True
Is 452201 composite?
False
Is 99101 composite?
True
Is 71741 composite?
False
Is 84517 a composite number?
True
Is 26387 a composite number?
False
Is 9719 a prime number?
True
Is 18623 prime?
False
Is 15823 a composite number?
False
Is 1318349 prime?
True
Is 564679 a composite number?
False
Is 1095629 a composite number?
True
Is 14303 composite?
False
Is 3049 prime?
True
Is 4381 a prime number?
False
Is 35303 prime?
False
Is 190147 prime?
True
Is 16127 prime?
True
Is 23399 composite?
False
Is 1026787 composite?
True
Is 39067 prime?
False
Is 614267 composite?
False
Is 9181 composite?
False
Is 184627 a composite number?
False
Is 196939 prime?
False
Is 399023 prime?
True
Is 5293 a composite number?
True
Is 10973 a prime number?
True
Is 1069 prime?
True
Is 156319 composite?
False
Is 5234 prime?
False
Is 4009 a composite number?
True
Is 65677 a composite number?
False
Is 419203 composite?
True
Is 5155 prime?
False
Is 815809 composite?
False
Is 84029 a composite number?
True
Is 132403 a composite number?
False
Is 3947 prime?
True
Is 207395 a composite number?
True
Is 750469 a prime number?
False
Is 43222 a composite number?
True
Is 337853 prime?
True
Is 117461 composite?
True
Is 1115309 a composite number?
True
Is 165489 a prime number?
False
Is 1120661 prime?
True
Is 54709 composite?
False
Is 537 a composite number?
True
Is 9941 a composite number?
False
Is 2052553 a composite number?
False
Is 45907 a prime number?
False
Is 9535 composite?
True
Is 248027 composite?
True
Is 1263422 composite?
True
Is 46327 prime?
True
Is 151091 prime?
True
Is 47597 a prime number?
False
Is 39251 composite?
False
Is 215741 a composite number?
True
Is 92098 a composite number?
True
Is 5639 a prime number?
True
Is 64403 a prime number?
True
Is 2407 composite?
True
Is 273617 composite?
False
Is 11213 a composite number?
False
Is 539233 a composite number?
False
Is 13859 a composite number?
False
Is 318295 a prime number?
False
Is 10427 a composite number?
False
Is 145943 a prime number?
False
Is 1148437 a prime number?
True
Is 8563 composite?
False
Is 407 prime?
False
Is 1224563 a composite number?
True
Is 2923 composite?
True
Is 17159 composite?
False
Is 573943 composite?
True
Is 946291 composite?
False
Is 410854 a prime number?
False
Is 16123 a prime number?
False
Is 206381 a composite number?
True
Is 12439 prime?
False
Is 479 a composite number?
False
Is 4237 a composite number?
True
Is 833191 prime?
True
Is 69689 composite?
True
Is 29629 a prime number?
True
Is 139067 composite?
False
Is 13931 composite?
False
Is 541 a prime number?
True
Is 396481 a composite number?
True
Is 107441 prime?
True
Is 285379 prime?
False
Is 987191 composite?
False
Is 2051074 a composite number?
True
Is 357229 a composite number?
False
Is 311 a prime number?
True
Is 136627 a composite number?
True
Is 14479 a composite number?
False
Is 287351 a composite number?
True
Is 17281 composite?
True
Is 141935 a composite number?
True
Is 7817 composite?
False
Is 20611 a composite number?
False
Is 923 composite?
True
Is 4454351 prime?
False
Is 763 a composite number?
True
Is 27769 prime?
False
Is 5583205 a prime number?
False
Is 241611 prime?
False
Is 295937 prime?
True
Is 143531 composite?
True
Is 96847 composite?
False
Is 1302243 a prime number?
False
Is 2378107 prime?
True
Is 15883 a composite number?
True
Is 3019 prime?
True
Is 79963 a prime number?
False
Is 40201 a prime number?
False
Is 6259 a composite number?
True
Is 1657 a prime number?
True
Is 791473 a composite number?
False
Is 268087 a prime number?
False
Is 311735 a prime number?
False
Is 67927 a prime number?
True
Is 257933 a composite number?
True
Is 8651 prime?
False
Is 2584267 a composite number?
True
Is 6287 composite?
False
Is 126913 a prime number?
True
Is 1206355 a prime number?
False
Is 35539 prime?
False
Is 12521 composite?
True
Is 29717 composite?
False
Is 1124017 prime?
False
Is 405277 co